e the remainder when 3051 is divided by 50.
1
Calculate the remainder when 3715 is divided by 177.
175
Calculate the remainder when 45 is divided by 36.
9
What is the remainder when 361 is divided by 11?
9
Calculate the remainder when 253 is divided by 17.
15
Calculate the remainder when 271 is divided by 57.
43
Calculate the remainder when 1834 is divided by 34.
32
What is the remainder when 520 is divided by 213?
94
Calculate the remainder when 341 is divided by 19.
18
What is the remainder when 698 is divided by 46?
8
Calculate the remainder when 346 is divided by 48.
10
Calculate the remainder when 56 is divided by 22.
12
What is the remainder when 307 is divided by 43?
6
Calculate the remainder when 116 is divided by 24.
20
What is the remainder when 930 is divided by 185?
5
Calculate the remainder when 1289 is divided by 32.
9
Calculate the remainder when 14209 is divided by 98.
97
What is the remainder when 277 is divided by 35?
32
Calculate the remainder when 588 is divided by 99.
93
What is the remainder when 390 is divided by 189?
12
What is the remainder when 398 is divided by 100?
98
What is the remainder when 609 is divided by 154?
147
What is the remainder when 5828 is divided by 55?
53
Calculate the remainder when 170 is divided by 87.
83
Calculate the remainder when 546 is divided by 171.
33
Calculate the remainder when 1111 is divided by 541.
29
Calculate the remainder when 284 is divided by 96.
92
What is the remainder when 151 is divided by 34?
15
What is the remainder when 242 is divided by 223?
19
What is the remainder when 921 is divided by 11?
8
Calculate the remainder when 6331 is divided by 72.
67
Calculate the remainder when 44 is divided by 16.
12
What is the remainder when 356 is divided by 189?
167
Calculate the remainder when 397 is divided by 106.
79
Calculate the remainder when 178 is divided by 62.
54
Calculate the remainder when 149 is divided by 26.
19
What is the remainder when 126 is divided by 61?
4
What is the remainder when 869 is divided by 244?
137
What is the remainder when 623 is divided by 282?
59
Calculate the remainder when 847 is divided by 10.
7
Calculate the remainder when 461 is divided by 100.
61
Calculate the remainder when 95 is divided by 47.
1
Calculate the remainder when 140 is divided by 34.
4
Calculate the remainder when 6076 is divided by 4.
0
What is the remainder when 209 is divided by 30?
29
What is the remainder when 578 is divided by 92?
26
Calculate the remainder when 12031 is divided by 4.
3
Calculate the remainder when 398 is divided by 16.
14
Calculate the remainder when 2538 is divided by 11.
8
What is the remainder when 760 is divided by 121?
34
Calculate the remainder when 200 is divided by 15.
5
Calculate the remainder when 40 is divided by 12.
4
What is the remainder when 74 is divided by 12?
2
Calculate the remainder when 45823 is divided by 64.
63
Calculate the remainder when 540 is divided by 477.
63
What is the remainder when 54 is divided by 31?
23
Calculate the remainder when 502 is divided by 46.
42
Calculate the remainder when 1016 is divided by 79.
68
What is the remainder when 457 is divided by 93?
85
Calculate the remainder when 492 is divided by 33.
30
Calculate the remainder when 805 is divided by 74.
65
Calculate the remainder when 733 is divided by 74.
67
Calculate the remainder when 395 is divided by 18.
17
What is the remainder when 543 is divided by 32?
31
What is the remainder when 614 is divided by 88?
86
Calculate the remainder when 4358 is divided by 141.
128
Calculate the remainder when 11396 is divided by 38.
34
What is the remainder when 43288 is divided by 195?
193
What is the remainder when 281 is divided by 58?
49
Calculate the remainder when 564 is divided by 163.
75
Calculate the remainder when 2586 is divided by 16.
10
Calculate the remainder when 252 is divided by 33.
21
What is the remainder when 17826 is divided by 9?
6
What is the remainder when 713 is divided by 186?
155
What is the remainder when 553 is divided by 5?
3
What is the remainder when 114 is divided by 58?
56
What is the remainder when 579 is divided by 4?
3
What is the remainder when 938 is divided by 207?
110
What is the remainder when 89 is divided by 3?
2
Calculate the remainder when 115 is divided by 57.
1
Calculate the remainder when 3449 is divided by 1147.
8
What is the remainder when 47 is divided by 12?
11
Calculate the remainder when 312 is divided by 34.
6
Calculate the remainder when 1258 is divided by 141.
130
Calculate the remainder when 193 is divided by 25.
18
What is the remainder when 163 is divided by 45?
28
Calculate the remainder when 1329 is divided by 47.
13
What is the remainder when 248 is divided by 10?
8
Calculate the remainder when 337 is divided by 77.
29
What is the remainder when 2014 is divided by 84?
82
Calculate the remainder when 296 is divided by 38.
30
Calculate the remainder when 284 is divided by 36.
32
What is the remainder when 711 is divided by 89?
88
What is the remainder when 215 is divided by 24?
23
Calculate the remainder when 360 is divided by 7.
3
Calculate the remainder when 304 is divided by 15.
4
What is the remainder when 227 is divided by 21?
17
Calculate the remainder when 273 is divided by 6.
3
Calculate the remainder when 1545 is divided by 4.
1
Calculate the remainder when 573 is divided by 34.
29
Calculate the remainder when 59 is divided by 31.
28
Calculate the remainder when 2406 is divided by 2391.
15
What is the remainder when 49 is divided by 20?
9
What is the remainder when 5998 is divided by 16?
14
What is the remainder when 3841 is divided by 83?
23
What is the remainder when 1116 is divided by 511?
94
Calculate the remainder when 46 is divided by 33.
13
Calculate the remainder when 3411 is divided by 565.
21
What is the remainder when 157 is divided by 42?
31
What is the remainder when 105 is divided by 55?
50
What is the remainder when 376 is divided by 77?
68
Calculate the remainder when 488 is divided by 36.
20
What is the remainder when 168 is divided by 21?
0
What is the remainder when 769 is divided by 250?
19
What is the remainder when 1204 is divided by 185?
94
What is the remainder when 2759 is divided by 458?
11
What is the remainder when 805 is divided by 125?
55
What is the remainder when 326 is divided by 309?
17
Calculate the remainder when 403 is divided by 45.
43
Calculate the remainder when 599 is divided by 11.
5
What is the remainder when 293 is divided by 85?
38
Calculate the remainder when 60 is divided by 17.
9
What is the remainder when 315 is divided by 107?
101
Calculate the remainder when 406 is divided by 53.
35
What is the remainder when 255 is divided by 123?
9
What is the remainder when 276 is divided by 57?
48
What is the remainder when 4543 is divided by 21?
7
What is the remainder when 180 is divided by 33?
15
What is the remainder when 7684 is divided by 33?
28
Calculate the remainder when 2383 is divided by 53.
51
What is the remainder when 52 is divided by 6?
4
What is the remainder when 18199 is divided by 91?
90
Calculate the remainder when 149 is divided by 22.
17
What is the remainder when 2087 is divided by 10?
7
Calculate the remainder when 522 is divided by 105.
102
Calculate the remainder when 171 is divided by 98.
73
What is the remainder when 1293 is divided by 27?
24
What is the remainder when 1593 is divided by 1589?
4
Calculate the remainder when 1134 is divided by 5.
4
What is the remainder when 1257 is divided by 5?
2
Calculate the remainder when 974 is divided by 122.
120
What is the remainder when 74 is divided by 67?
7
Calculate the remainder when 721 is divided by 234.
19
Calculate the remainder when 286 is divided by 8.
6
What is the remainder when 445 is divided by 149?
147
What is the remainder when 9047 is divided by 49?
31
What is the remainder when 11453 is divided by 12?
5
Calculate the remainder when 333 is divided by 42.
39
What is the remainder when 71 is divided by 4?
3
What is the remainder when 137 is divided by 43?
8
Calculate the remainder when 1433 is divided by 19.
8
Calculate the remainder when 212 is divided by 37.
27
What is the remainder when 5999 is divided by 27?
5
Calculate the remainder when 228 is divided by 93.
42
Calcula